= 3*j, -3*j + 228 = j + 4*v. Calculate the remainder when 164 is divided by j.
52
Let g(a) = 6*a**2 - 6*a + 14. Calculate the remainder when g(2) is divided by 14.
12
Suppose 2*r - 438 = -5*w, 2*w - 4*r - 76 = 80. Calculate the remainder when w is divided by 22.
20
Suppose -2*h - 38 + 160 = 0. What is the remainder when h is divided by 32?
29
Let l = 60 + -23. What is the remainder when l is divided by 20?
17
Let s(k) = k**2 + 3*k - 2. Calculate the remainder when s(4) is divided by (0 - 18/8)*-4.
8
Let q be (-740)/25 - 2/5. Let z be 385/(-9) - 2/9. Let n = q - z. Calculate the remainder when n is divided by 5.
3
Let c(b) = b**3 + 8*b**2 + 8*b + 9. Suppose -4*i = -50 + 2. Let g = i + -7. What is the remainder when g is divided by c(-7)?
1
Let n(g) = 2*g**2 + 9*g + 24. What is the remainder when 144 is divided by n(-5)?
28
Suppose 16 - 52 = -5*x + 4*n, -2*n = -x + 6. What is the remainder when x is divided by 3/6*(-12)/(-2)?
2
Suppose 5*g = 4*a - 0*a + 193, -4*g - a = -146. Let p = g + -6. What is the remainder when p is divided by 16?
15
Let i be (-3)/2*30/(-9). Suppose i*f - 2*g + g = 59, -5*f + 39 = 4*g. What is the remainder when 30 is divided by f?
8
Let m = 45 - 31. Suppose 5*j - 19 = 106. Calculate the remainder when j is divided by m.
11
Let f = 102 - 73. Calculate the remainder when 54 is divided by f.
25
Let k = 4 + -29. Let b(s) = s**2 - 6*s - 5. Let x be b(-4). Let i = k + x. Calculate the remainder when 19 is divided by i.
9
Let r(o) = -43*o + 1. Let b be r(-2). Suppose -3*l = -6*l + b. Let x = -8 - -18. What is the remainder when l is divided by x?
9
Suppose c + 8 = 24. Let f = c - 6. Let h = -1 - -39. Calculate the remainder when h is divided by f.
8
Let o = -10 + 16. Let l(q) = q**3 - 3*q + 9 - q + 0*q - 5*q**2. Calculate the remainder when l(o) is divided by 11.
10
Suppose f + 6 = 2*f. Suppose -3*k + 4*k = f. What is the remainder when 14 is divided by (k - 4) + 2 + 0?
2
Calculate the remainder when 90 is divided by (-1896)/(-84) + (-3)/(-7).
21
Let q(z) be the third derivative of -1/20*z**5 + 0*z + 1/40*z**6 + 0 - 3*z**2 + 0*z**3 + 1/12*z**4. What is the remainder when q(2) is divided by 6?
4
Let a(k) = k**3 + 9 - 6*k - 7*k**2 - 6 - 5. What is the remainder when a(8) is divided by 4?
2
Suppose g - v = 69, -2*v + 74 = 3*g - 123. What is the remainder when g is divided by 14?
11
Suppose 5*a = -5*i + 28 - 8, -5*a + 4*i = -65. Suppose -4*o - 282 = 134. Calculate the remainder when o/(-6) - 1/3 is divided by a.
8
Let p be 4/2 + (-1)/(-1). Let l = 25 - 18. Let y = l - p. What is the remainder when 10 is divided by y?
2
Suppose 1107 = 4*d - 29. Suppose 0 = -j - 3*j + d. What is the remainder when j is divided by 18?
17
Let f(w) = w**2 + 8*w + 11. Calculate the remainder when 31 is divided by f(-8).
9
Suppose 3*b + b - t - 58 = 0, t + 43 = 3*b. What is the remainder when b is divided by 10?
5
Let d be -2 + 1*(2 - -3). Suppose d*b + 15 = 5*b - 5*i, 0 = 3*b + i - 31. What is the remainder when b is divided by (-2)/6 + (-52)/(-12)?
2
Suppose -2*a + 155 = 5*r + 20, 4*r - 85 = 3*a. Let x = -6 - 3. Let z(s) = s**3 + 10*s**2 + 9*s + 9. What is the remainder when r is divided by z(x)?
7
Suppose 4*r = -3*f + 218, -2*r - 3*r - 20 = 0. Suppose 0 = 2*p + 4*t - 30 - 22, 3*p = -t + f. Calculate the remainder when p is divided by 9.
8
Suppose 0 = -2*w + 7 + 19. Calculate the remainder when w is divided by 8.
5
Let t(j) = j**3 + 13*j**2 - 20*j - 5. Calculate the remainder when t(-14) is divided by 20.
19
Let m(k) = -k**2 - 9*k - 5. What is the remainder when 34 is divided by m(-7)?
7
Let v(s) = 3*s**3 - s**2 + s - 4. Let z be v(2). Suppose 10*g - z = 8*g. Calculate the remainder when 16 is divided by g.
7
Let v(y) = -3*y + 2. Let o(z) = -3*z + 3. Suppose 5*t + 1 = -19. Let p(r) = t*o(r) + 3*v(r). Calculate the remainder when 46 is divided by p(6).
10
Suppose g - 2 = -5, -2*g - 105 = 3*t. Let m = t + 76. Calculate the remainder when m is divided by 22.
21
Let d be (6 - -2)/(6/3). Let l be 15/(-6) + 6/d. Calculate the remainder when 11 is divided by 95/15 - l/(-3).
5
Let u(b) = -2*b - 2. Calculate the remainder when 8 is divided by u(-4).
2
Suppose -2*t + t = -5*n - 30, 2*t - 15 = n. Suppose 0 = -l - 4*k + 17, 4*l = l + t*k. What is the remainder when 8*(-2 - (-14)/4) is divided by l?
2
Suppose 3*c - b + 8 = 0, -3*c + 2*c - 16 = 3*b. Let l(f) = -2*f**3 - 4*f**2 + 3*f - 5. What is the remainder when l(c) is divided by 12?
11
Suppose 3*a = 5*v - 47, -5*v = -v + 2*a - 42. Let j(i) = 3*i**2 - 6*i - 6. Let r be 4/(-16) + 84/16. What is the remainder when j(r) is divided by v?
9
Let v(w) = -w - 20. Let j be v(0). What is the remainder when (10/j)/(2/(-4)) is divided by 1?
0
Suppose -2*n + 3*n - 5*r = 6, -3*r = -4*n + 75. Suppose b - 3*m = 51, b - 249 = -3*b - 3*m. What is the remainder when b is divided by n?
18
Let z be (12/(-9))/((-6)/9). Let u = -2 + z. Suppose -4*b + 4*i + 140 = u, -2*b = -b + 3*i - 51. Calculate the remainder when b is divided by 20.
19
Let l(d) = -d + 2. Let b be l(-6). Let k = b - -13. Calculate the remainder when k is divided by 6.
3
Suppose 4*j + 5*h = 209, -5*j + 306 = -3*h + 17. Calculate the remainder when j is divided by 10.
6
Let m(t) = -t - 3. Calculate the remainder when 30 is divided by m(-11).
6
Let n(s) = 2*s - s - 1 + 3*s**3 - 4*s**3 - s**2. Let a be n(0). What is the remainder when 37*(a + 1 + 1) is divided by 13?
11
Let j(o) = 15*o**2. Let w be (-16)/(-72) - 4/18. Let h = w - -44. Calculate the remainder when h is divided by j(-1).
14
Let a be (-34)/(-2) + (5 - 3). Suppose 4*n - a - 5 = 0. Calculate the remainder when (-104)/(-6) + (-1)/3 is divided by n.
5
Let p(j) = -2*j**2 + 16*j + 12. What is the remainder when 41 is divided by p(8)?
5
Let t(y) = y + 3. Let w be t(-2). Let u be -1 + -2 - w*-8. Suppose 5*v - 60 = -4*h, 5*v + 9 = -u*h + 89. What is the remainder when h is divided by 7?
6
Suppose -3*b + 46 = o, 0 = -4*b - 2 + 22. Let j = o + -22. What is the remainder when 26 is divided by j?
8
Let r(s) = s**2 - 3*s + 7. Let m be (-4)/14 - (-195)/21. What is the remainder when r(m) is divided by 21?
19
Suppose -2*z - 2*z + 92 = 0. Let y = 103 - 13. What is the remainder when y is divided by z?
21
Let f(d) be the third derivative of d**5/30 + d**4/8 - d**2. Let i be ((-4)/12*-9)/((-3)/2). Calculate the remainder when 2 is divided by f(i).
0
Let k(o) = 4*o - 7. Suppose 0 = 3*b - 93 - 54. Calculate the remainder when b is divided by k(6).
15
Suppose -4*s + s + m + 47 = 0, -3*m = 2*s - 46. Calculate the remainder when 117 is divided by s.
15
Suppose 0 = -5*g - 0*g + 50. Let i = 18 + -15. Calculate the remainder when g is divided by i.
1
Let y(c) = -c**3 - 13*c**2 - 10*c - 12. Let v be y(-12). Calculate the remainder when 4/18 + (-2404)/v is divided by 17.
16
Suppose -1 - 7 = 2*u, -u - 84 = -5*s. Suppose -13*n - 155 = -18*n. Calculate the remainder when n is divided by s.
15
Let i = -88 - -180. Calculate the remainder when i is divided by 19.
16
What is the remainder when (-2)/((-1)/(-1)) - -63 is divided by ((-45)/25)/(6/(-70))?
19
Let g(d) = d**2 + 25*d - 17. What is the remainder when g(-26) is divided by 4 - -2*2/(-4)?
0
Let w(k) = 5*k - 7. Let o(c) = 6*c - 7. Let b(x) = -2*o(x) + 3*w(x). Let h = -6 + 11. What is the remainder when 14 is divided by b(h)?
6
Let p(g) = -2 - g - 2 + 20*g**2 + 5. What is the remainder when p(1) is divided by 11?
9
Let l(i) = 20*i**2 - 3*i - 2. What is the remainder when 38 is divided by l(-1)?
17
Suppose 66*c - 69*c + 174 = 0. What is the remainder when c is divided by 21?
16
Suppose q - 3*q = 0. Suppose -l + 3*a - 1 = q, -3*l + 3 = 4*a - 7. Calculate the remainder when 2 is divided by l.
0
Suppose 3*n - 42 = -3*n. Suppose -n = 5*o - 37. Calculate the remainder when 16 is divided by o.
4
Let p be 10 - 2/2 - -3. What is the remainder when ((-280)/30)/((-2)/p) is divided by 29?
27
Let i be (-2)/(0 - (3 + -1)). Let f be (-3 - -1)*-1*-1. What is the remainder when 17 is divided by 6 + i - (-1 - f)?
5
Let w = -6 + 12. Suppose g + w + 4 = 0. What is the remainder when (-103)/(-3) - g/15 is divided by 12?
11
Let u = 72 - 49. Suppose -5*m - g + 165 + 56 = 0, 86 = 2*m + g. Calculate the remainder when m is divided by u.
22
Suppose 5*p + 87 = 8*p. Calculate the remainder when p is divided by 12.